z + 3*z = -99, -r*v - 4*z + 140 = 0. What is the tens digit of v?
3
Let p = 17 - 2. Suppose 0 = 13*a - 2 + p. What is the tens digit of 121*2 - (a - 6/(-2))?
4
Let o be (-3 + (-114)/(-4))*1780/30. Let c = o - 1050. What is the tens digit of c?
6
Suppose -1343 = -8*c + 521. What is the tens digit of c - 102/68*1*2?
3
Suppose -6*m = -10*m - 44. What is the hundreds digit of 367 - (3*1)/(m - -14)?
3
Let x = 19836 + -5034. What is the hundreds digit of x?
8
Let a(q) = q**3 + 5*q**2 - 24*q + 70. What is the units digit of a(6)?
2
Let j(f) = -f**3 - f**2 - 38*f + 4. Let z be j(-11). Suppose 5*v - 15*b - 1617 = -16*b, -5*v = -4*b - z. What is the tens digit of v?
2
Suppose 46682 = 27*f - 44*f. What is the tens digit of ((-234)/27 + 8)*(f + -2)?
3
Let i(u) = 445*u - 11841. What is the tens digit of i(92)?
9
Let d be ((-140)/(-21) + 0)*6/4. Let j = d + 5. Suppose 596 = j*u - 11*u. What is the units digit of u?
9
Suppose 2*z = 5*a + 1520 - 203, -4*a = 2*z - 1272. Let u = z + -346. What is the hundreds digit of u?
3
What is the hundreds digit of ((-375)/(-50) + (15/(-5) - 4))*74198?
0
Suppose j - 70345 = 3*q - 331870, -5*j + 348662 = 4*q. What is the units digit of q?
3
Suppose -122*a + 6816 = -114*a. Let i = a + -391. What is the units digit of i?
1
Suppose -4*m - i + 1955 = 4*i, 1960 = 4*m + 4*i. Suppose -3500 = -3*y + 5*q, -m - 3019 = -3*y - 2*q. What is the tens digit of y?
7
Let m be (-8068)/42 + (-4)/(-42). Let t = -40 - m. What is the units digit of t?
2
Let c(n) = -n**2 + 16*n - 55. Let s be c(6). Suppose -s*x = -1331 - 5429. What is the hundreds digit of x?
3
Let o(b) = -b**3 + b**2 + 3*b + 4. Let m be o(3). Let a = 12 + m. Suppose -4*c + a*c = 483. What is the hundreds digit of c?
1
Suppose 31*n = 14*n - 544. Let s = n + 312. What is the units digit of s?
0
Suppose 6*b - 89 + 29 = 0. Let y = -6 + 8. What is the tens digit of -6*y/b*(-290)/4?
8
Let n(o) = 1678*o - 277. What is the tens digit of n(5)?
1
Suppose -3*x = -0*x + 5*k - 12096, 0 = -3*k + 9. What is the hundreds digit of x?
0
Suppose -3*b = -4*n - 42813, 2*b = -19*n + 15*n + 28522. What is the tens digit of b?
6
Suppose -181*u - 80*u + 6*u = -8099310. What is the tens digit of u?
6
Let h be 18/12*(2 - 104). Let y = h - -453. Suppose -b = -3*q - 95, -3*b = -4*q - 0*q - y. What is the hundreds digit of b?
1
Let n(w) = w**2 - 6*w - 2. Let q be n(0). Let z be q + 76/12 + 2/(-6). What is the tens digit of (-11 - 2)*-1 + (z - 7)?
1
Let g(l) = -15 - 13 - 1282*l + 1288*l. Let c be g(4). What is the units digit of ((-314)/(-6))/(117/27 + c)?
7
Let o(n) = -216*n + 16. Let s be o(-1). Suppose l + 5*m = s, -18 = l - 4*m - 250. What is the hundreds digit of l?
2
Let o = -2 + 4. Suppose 0*k - 5*g = o*k - 4, 4*k + 2*g - 8 = 0. Let t(d) = 24*d**3 + 3*d**2 - 3*d + 4. What is the hundreds digit of t(k)?
2
Let d(h) be the second derivative of -3*h**3/2 + 81*h**2/2 + h - 27. What is the hundreds digit of d(-11)?
1
Suppose -5*i = -3*w + 341, 3*i = -0*w - w + 137. Let t = w + 892. What is the tens digit of t?
1
Suppose 5*i + 5*t + 229 - 949 = 0, 5*i - 719 = -4*t. Let y = 163 - i. What is the units digit of y?
0
Suppose -3*j - 454*y + 91500 = -449*y, -6*j + 183135 = -5*y. What is the hundreds digit of j?
5
Let k(m) = -m**2 - m + 1. Let g(a) = -a**2 - 10*a - 7. Let c(h) = g(h) - 2*k(h). Let q = -1106 - -1116. What is the units digit of c(q)?
1
Let f(y) be the second derivative of 5*y**4/12 - 11*y**3/6 + 31*y**2/2 - 41*y. What is the tens digit of f(10)?
2
Let k(b) = 113*b**2 - 243*b - 305. What is the tens digit of k(22)?
4
Suppose 2*t - 164 = -15*u + 13*u, 0 = -t + 5. Suppose 75*j - u*j = -1604. What is the tens digit of j?
0
Let z be (-10)/(-2 - 3) + 2. Let j(n) = n**3 + 4*n**2 + 7*n + 1. Let l be j(z). Let m = -30 + l. What is the tens digit of m?
2
Suppose 33*y = 295519 + 516094 + 1205578. What is the tens digit of y?
2
Suppose a + 2*a = 144. Suppose -a*d + 2*v = -45*d - 1748, -v = 4*d - 2316. What is the tens digit of d?
8
Suppose -48513 = -9*r + 4083. What is the tens digit of r?
4
Suppose 0 = -45*g + 46*g + s - 9004, 26988 = 3*g - s. What is the units digit of g?
8
Let o = -86821 - -128820. What is the units digit of o?
9
Suppose -47318 = 16*o - 20*o - 2*b, -47353 = -4*o + 3*b. What is the ten thousands digit of o?
1
Suppose -18*v = i - 22*v - 21, 5*i + 4*v - 9 = 0. Suppose m - 6*m - 5*t = -100, 2*t - 112 = -i*m. What is the tens digit of m?
2
Let u = -164424 - -233288. What is the ten thousands digit of u?
6
Suppose -15 = 4*k + k, 0 = 5*m + k - 37. Let w = m - -681. What is the hundreds digit of w?
6
Let u(n) = 304*n**2 - 170*n - 936. What is the thousands digit of u(-7)?
5
Suppose 33*j + 8 = 35*j. Suppose 0*p + 5*p = -j*y + 82, -2*p + 37 = 3*y. Let w = -8 + p. What is the units digit of w?
6
What is the tens digit of 2/(12/5205)*10?
7
Suppose 28*u - m + 13406 = 30*u, 2*u + 2*m = 13402. What is the units digit of u?
5
Let i = -21 - -35. Let u be i/42 + (-14)/(-3). Suppose 0 = -0*b - u*b + 65. What is the units digit of b?
3
Let m = -332 + 356. Suppose 20 = 11*k - m. What is the units digit of k?
4
Let u be 3 + (-1)/1 + 1. Suppose -5*z + 20 = t - 1, -3*z - u*t = -3. Suppose 0 = 4*c - z*a - 460, 3*a + 232 = -2*c + 4*c. What is the tens digit of c?
1
Let p be 1078/8 - (-7)/28. Suppose -25*a + 27*a - 74 = 0. Let q = p - a. What is the tens digit of q?
9
Suppose 5*x - 17305 = -5*o, o + 4*x = -4*o + 17303. Suppose -349 + o = 5*v. Suppose -213 = -5*k + v. What is the units digit of k?
7
Suppose 9081 = w + 3*o - 10472, -5*w - 5*o = -97735. What is the units digit of w?
4
Let j = 216 + -169. Let b = 749 + j. What is the hundreds digit of b?
7
Let r = 23080 - 14765. What is the tens digit of r?
1
Let s(y) be the first derivative of y**4/2 - 4*y**3/3 + 7*y**2/2 - 9*y + 1. Suppose 14*x - 12*x - 8 = 0. What is the tens digit of s(x)?
8
Suppose s = 5*p - 9 - 0, 2*p + 14 = -4*s. Let g(u) = 52*u**2 - 13*u - 70. What is the tens digit of g(s)?
1
Let h(d) = 60*d - 166. Let i be h(11). Suppose i = 3*j - 475. What is the tens digit of j?
2
Suppose 5*z = -4*b + 127, b - z = -3*z + 34. Let t(a) = a**2 - 13*a + 11. Let m be t(11). Let l = b + m. What is the tens digit of l?
1
Let z = -429 + 303. Let t = 234 - z. What is the units digit of t?
0
Suppose 0 = 2*c - 7*c - 170. Let h(w) = w**2 + 8*w + 54. What is the units digit of h(c)?
8
Let c(t) = -6362*t - 1432. What is the hundreds digit of c(-9)?
8
Let w(l) = l + 38. Suppose -6 = 4*b - b - 3*i, 3*b - i = 4. Suppose -25 = 5*a + b*k, a + 3*a - k + 37 = 0. What is the tens digit of w(a)?
3
Let w(d) be the first derivative of -19*d**4/2 - 3*d**3 - 2*d**2 + 7*d - 312. What is the tens digit of w(-3)?
6
Let i be (-2)/4 + (-2746)/(-4). Let d be -443 - -6 - (-3 + -1). Let s = d + i. What is the tens digit of s?
5
Let u be (2 - 3)*(1 + -6). Suppose -7*y - 4*i + 1544 = -5*y, u*i = -3*y + 2312. What is the hundreds digit of y?
7
Suppose 9*m - 337 = -67. What is the units digit of ((-1360)/m)/(-2*(-3)/(-9))?
8
Suppose -24595 = -22*n + 156891 + 56268. What is the ten thousands digit of n?
1
Let k(m) = 26*m**2 + 11*m - 25. Let c be k(4). Suppose 10*z - 65 - c = 0. What is the tens digit of z?
5
Suppose 0 = 14*c + 16*c - 9840. Let j = c + -157. What is the hundreds digit of j?
1
Suppose -89*i = -57*i - 56567 - 128809. What is the units digit of i?
3
Suppose 2*a - 335 = 241. Let g(f) = -f**2 - 19*f - 73. Let r be g(-6). Suppose 5*s = -r*o + 355, -a = -3*s + 3*o - 93. What is the units digit of s?
8
Let x = 15 + -11. Suppose -5*a - 5*z = -7*a, 2*a + 4*z = 0. Suppose 0 = -x*j - 3*p + 1057, -4*p + a*p - 20 = 0. What is the hundreds digit of j?
2
Let z = 3 - -2. Suppose -3*p = 4*j + 46, p + z*j + 13 = -17. What is the tens digit of 20/p - 24/(-1)?
2
Suppose 9*d = 10*d + 4*y - 21456, 85776 = 4*d + 4*y. What is the tens digit of d?
4
Let k = 405 + -401. What is the tens digit of -5 + k + (672 - -7)?
7
Suppose 97*w - 449802 = 174999 - 69476. What is the units digit of w?
5
Let o = 19939 + -11062. What is the tens digit of o?
7
Let r = -28 - -33. Suppose 0 = -5*f + 5*z + 540, 0*z + r*z = 4*f - 437. What is the units digit of f?
3
Suppose 0 = 2*n + 4*a - 133660, 5*a = -3*n + 233504 - 33007. What is the tens digit of n?
4
Let u be -7 - (-58)/(-8)*4. What is the hundreds digit of (-3220)/(-69)*u/